{"id":914,"date":"2020-09-12T16:38:30","date_gmt":"2020-09-12T14:38:30","guid":{"rendered":"http:\/\/www.wobblies-kassel.de\/?page_id=914"},"modified":"2020-09-12T16:38:32","modified_gmt":"2020-09-12T14:38:32","slug":"gemeinsam-laut-aktion-am-30-09-20-ab-1600-uhr-vor-dem-jobcenter-kassel","status":"publish","type":"page","link":"https:\/\/www.wobblies-kassel.de\/?page_id=914","title":{"rendered":"Gemeinsam LAUT \u2013 Aktion am 30.09.20 ab 16:00 Uhr vor dem Jobcenter Kassel!"},"content":{"rendered":"\n<p><img loading=\"lazy\" decoding=\"async\" class=\"alignnone size-full wp-image-1561\" src=\"https:\/\/i0.wp.com\/rothe-ecke.de\/wp-content\/uploads\/2020\/09\/Flyer-Jobcenter-Final14.jpg?resize=420%2C595\" sizes=\"auto, (max-width: 420px) 100vw, 420px\" srcset=\"https:\/\/i0.wp.com\/rothe-ecke.de\/wp-content\/uploads\/2020\/09\/Flyer-Jobcenter-Final14.jpg?w=420 420w, https:\/\/i0.wp.com\/rothe-ecke.de\/wp-content\/uploads\/2020\/09\/Flyer-Jobcenter-Final14.jpg?resize=212%2C300 212w\" alt=\"\" width=\"420\" height=\"595\" data-attachment-id=\"1561\" data-permalink=\"http:\/\/rothe-ecke.de\/gemeinsam-laut-aktion-am-30-09-20-am-1600-uhr-vor-dem-jobcenter-kassel\/flyer-jobcenter-final14\/\" data-orig-file=\"https:\/\/i0.wp.com\/rothe-ecke.de\/wp-content\/uploads\/2020\/09\/Flyer-Jobcenter-Final14.jpg?fit=420%2C595\" data-orig-size=\"420,595\" data-comments-opened=\"1\" data-image-meta=\"{&quot;aperture&quot;:&quot;0&quot;,&quot;credit&quot;:&quot;&quot;,&quot;camera&quot;:&quot;&quot;,&quot;caption&quot;:&quot;&quot;,&quot;created_timestamp&quot;:&quot;0&quot;,&quot;copyright&quot;:&quot;&quot;,&quot;focal_length&quot;:&quot;0&quot;,&quot;iso&quot;:&quot;0&quot;,&quot;shutter_speed&quot;:&quot;0&quot;,&quot;title&quot;:&quot;&quot;,&quot;orientation&quot;:&quot;0&quot;}\" data-image-title=\"Flyer\u2013Jobcenter-Final14\" data-image-description=\"\" data-medium-file=\"https:\/\/i0.wp.com\/rothe-ecke.de\/wp-content\/uploads\/2020\/09\/Flyer-Jobcenter-Final14.jpg?fit=212%2C300\" data-large-file=\"https:\/\/i0.wp.com\/rothe-ecke.de\/wp-content\/uploads\/2020\/09\/Flyer-Jobcenter-Final14.jpg?fit=420%2C595\" data-recalc-dims=\"1\" \/><\/p>\n<p><strong>Liebe Freundinnen und Freunde, liebe Menschen mit und ohne Arbeit,wir finden es reicht! Wir wollen etwas \u00e4ndern und daf\u00fcr brauchen wir euch!<\/strong><\/p>\n<p>Ein Coronapaket nach dem n\u00e4chsten wird geschn\u00fcrt, aber f\u00fcr diejenigen, die auf Leistungen nach dem SGB II, SGB XII, AsylbLG, Wohngeld etc., angewiesen sind, gibt es nichts bis Kr\u00fcmel. Die angek\u00fcndigte Erh\u00f6hung des Regelsatz ist l\u00e4cherlich. Alleinstehende erhalten 14 Euro mehr, Kinder zwischen 6 und 13 Jahren gerade mal 1 Euro mehr.<\/p>\n<p><strong>Wir ziehen daher vors Jobcenter.<\/strong><\/p>\n<p><strong>Wir fordern:<\/strong><\/p>\n<p>-Genug Geld zum Leben: Erh\u00f6hung des Regelsatz<br \/>-Schluss mit der Schikane: Aussetzen aller Sanktionen<br \/>-Menschenw\u00fcrdig leben hei\u00dft menschenw\u00fcrdig wohnen: \u00dcbernahme der vollen Miete, Erh\u00f6hung der Kosten der Unterkunft<br \/>-Menschenw\u00fcrdige Behandlung statt Diskriminierung<\/p>\n<p><strong>Was kannst du tun?\u00a0<\/strong><\/p>\n<p>-&gt;Aufrufen: wir erg\u00e4nzen eure Gruppe bei facebook als Gastgeber; wenn ihr auch auf eine Neuauflage des Flyer wollt, schickt euer Logo an: <a>info [at] rothe-ecke [dot] de<\/a><\/p>\n<p>-&gt;Mobilisieren: Verteilt Flyer, H\u00e4ngt Plakate, ladet bei facebook ein und sprecht mit Kolleg*innen, Nachbar*innen, Freund*innen, verteilt mit uns vor der Tafel, vorm Amt, in der Bahn<\/p>\n<p>-&gt;Sichtbar machen: wir wollen die Unsichtbaren sichtbar machen. Es gibt vor Ort ein offenes Mikro, Redebeitr\u00e4ge sind willkommen, auch Videobotschaften im Vorfeld sind willkommen!<\/p>\n<p>-&gt;Du willst im Vorfeld mitplanen? Schreib eine Mail an <a>info [at] rothe-ecke [dot] de<\/a> dann teilen wir dir Ort und Zeit mit. Die Treffen sind in der Regel Freitag sp\u00e4ter Nachmittag. Wegen Corona m\u00fcssen wir vorab die Teilnehmer*innenzahl wissen<\/p>\n<p>Wir erstellen au\u00dferdem ein Dokument, auf dem wir unsere Forderungen verdeutlichen. Das wollen wir dem Leiter des Jobcenters pers\u00f6nlich w\u00e4hrend der Veranstaltung \u00fcbergeben. Wir freuen uns, wenn ihr uns im Vorfeld Stimmen schickt, was ihr schon immer gerne dem Jobcenter sagen w\u00fcrdet.<\/p>\n<p>Hartz IV betrifft uns alle \u2013 schneller als so mancher denkt<\/p>\n<p><strong>Eure <\/strong><strong>Rothe Ecke, Solidarische Erwerbsloseninitiative Kassel, Initiative Nahverkehr f\u00fcr alle<\/strong>\u00a0und hoffentlich bald noch ganz viele mehr!<\/p>\n<p><a href=\"https:\/\/www.facebook.com\/events\/2741438512622446\" target=\"_blank\" rel=\"noopener noreferrer\">https:\/\/www.facebook.com\/events\/2741438512622446<\/a><\/p>\n<div id=\"fb-root\"><\/div><script src=\"http:\/\/connect.facebook.net\/en_US\/all.js#xfbml=1\"><\/script><fb:like href=\"https:\/\/www.wobblies-kassel.de\/?page_id=914\" send=\"true\" layout=\"standard\" width=\"450\" show_faces=\"true\" font=\"verdana\" action=\"like\" colorscheme=\"light\"><\/fb:like>","protected":false},"excerpt":{"rendered":"<p>Liebe Freundinnen und Freunde, liebe Menschen mit und ohne Arbeit,wir finden es reicht! Wir wollen etwas \u00e4ndern und daf\u00fcr brauchen wir euch! Ein Coronapaket nach dem n\u00e4chsten wird geschn\u00fcrt, aber f\u00fcr diejenigen, die auf Leistungen nach dem SGB II, SGB XII, AsylbLG, Wohngeld etc., angewiesen sind, gibt es nichts bis Kr\u00fcmel. Die angek\u00fcndigte Erh\u00f6hung des &hellip; <a href=\"https:\/\/www.wobblies-kassel.de\/?page_id=914\" class=\"more-link\"><span class=\"screen-reader-text\">Gemeinsam LAUT \u2013 Aktion am 30.09.20 ab 16:00 Uhr vor dem Jobcenter Kassel!<\/span> weiterlesen <span class=\"meta-nav\">&rarr;<\/span><\/a><\/p>\n","protected":false},"author":1,"featured_media":0,"parent":0,"menu_order":0,"comment_status":"closed","ping_status":"closed","template":"","meta":{"footnotes":""},"class_list":["post-914","page","type-page","status-publish","hentry"],"_links":{"self":[{"href":"https:\/\/www.wobblies-kassel.de\/index.php?rest_route=\/wp\/v2\/pages\/914","targetHints":{"allow":["GET"]}}],"collection":[{"href":"https:\/\/www.wobblies-kassel.de\/index.php?rest_route=\/wp\/v2\/pages"}],"about":[{"href":"https:\/\/www.wobblies-kassel.de\/index.php?rest_route=\/wp\/v2\/types\/page"}],"author":[{"embeddable":true,"href":"https:\/\/www.wobblies-kassel.de\/index.php?rest_route=\/wp\/v2\/users\/1"}],"replies":[{"embeddable":true,"href":"https:\/\/www.wobblies-kassel.de\/index.php?rest_route=%2Fwp%2Fv2%2Fcomments&post=914"}],"version-history":[{"count":1,"href":"https:\/\/www.wobblies-kassel.de\/index.php?rest_route=\/wp\/v2\/pages\/914\/revisions"}],"predecessor-version":[{"id":915,"href":"https:\/\/www.wobblies-kassel.de\/index.php?rest_route=\/wp\/v2\/pages\/914\/revisions\/915"}],"wp:attachment":[{"href":"https:\/\/www.wobblies-kassel.de\/index.php?rest_route=%2Fwp%2Fv2%2Fmedia&parent=914"}],"curies":[{"name":"wp","href":"https:\/\/api.w.org\/{rel}","templated":true}]}}